{"id":71,"date":"2025-04-15T16:42:23","date_gmt":"2025-04-15T14:42:23","guid":{"rendered":"https:\/\/vedomysvet.sk\/?page_id=71"},"modified":"2026-01-20T15:21:58","modified_gmt":"2026-01-20T14:21:58","slug":"kvantova-terapia","status":"publish","type":"page","link":"https:\/\/vedomysvet.sk\/?page_id=71","title":{"rendered":"\u010co je to met\u00f3da KVET\u00ae?"},"content":{"rendered":"\n<p>Sedenia (facilit\u00e1cie), ktor\u00e9 poskytujeme klientom, s\u00fa zalo\u017een\u00e9 na <strong>met\u00f3de KVET\u00ae<\/strong> <strong>so psychosomatick\u00fdm a somatick\u00fdm pr\u00edstupom<\/strong>. T\u00e1to met\u00f3da pracuje s mys\u013eou, du\u0161ou a telom klienta, \u010di\u017ee poskytuje komplexn\u00fd syst\u00e9m odblokovania.<\/p>\n\n\n\n<p>Autorkou a lektorkou tejto met\u00f3dy je Evka \u010euri\u0161ov\u00e1, pri\u010dom viac inform\u00e1ci\u00ed o nej a tejto met\u00f3de m\u00f4\u017eete n\u00e1js\u0165 aj na jej webovej str\u00e1nke <a href=\"https:\/\/kvantovetvorenie.sk\/\" data-type=\"link\" data-id=\"https:\/\/kvantovetvorenie.sk\/\" target=\"_blank\" rel=\"noopener\">www.kvantovetvorenie.sk<\/a>.<\/p>\n\n\n\n<p><strong>V ak\u00fdch oblastiach V\u00e1m m\u00f4\u017ee t\u00e1to met\u00f3da pom\u00f4c\u0165?<\/strong><\/p>\n\n\n\n<p>Touto met\u00f3dou sa daj\u00fa <strong>rie\u0161i\u0165 r\u00f4znorod\u00e9<\/strong> \u017eivotn\u00e9 situ\u00e1cie, vz\u0165ahy a probl\u00e9my, napr\u00edklad:<\/p>\n\n\n\n<p>\u2013 Vz\u0165ahy partnersk\u00e9, \u010di in\u00e9 rodinn\u00e9 vz\u0165ahy, vz\u0165ahy medzi rodi\u010dmi a de\u0165mi<\/p>\n\n\n\n<p>\u2013 Neschopnos\u0165 opusti\u0165 toxick\u00fd vz\u0165ah, probl\u00e9m n\u00e1js\u0165 \u010di udr\u017ea\u0165 si partnera, sexu\u00e1lne \u0165a\u017ekosti<\/p>\n\n\n\n<p>\u2013 Rozvody, rozchody, straty, smr\u0165 (osoby, zvieratka) <\/p>\n\n\n\n<p>\u2013 Problematick\u00e9 vz\u0165ahy v pr\u00e1ci s kolegami, s nadriaden\u00fdmi alebo podriaden\u00fdmi<\/p>\n\n\n\n<p>\u2013 Strata zmyslu \u017eivota, depresie, \u00fazkosti, frustr\u00e1cie<\/p>\n\n\n\n<p>\u2013 Strachy (napr. strach zo \u0161of\u00e9rovania, strach z hmyzu, strach z v\u00fd\u0161ok, strach zo smrti, strach z vystupovania na verejnosti, strach z bud\u00facnosti)<\/p>\n\n\n\n<p>\u2013 Z\u00e1vislosti (na jedle\/sladkostiach, cigaret\u00e1ch, alkohole, na nejakej osobe a pod.)<\/p>\n\n\n\n<p>\u2013 Emo\u010dn\u00e9 bolesti, pocity bezmocnosti, pocity viny, \u017eiarlivos\u0165, probl\u00e9m odpusti\u0165 in\u00fdm alebo sebe<\/p>\n\n\n\n<p>\u2013 Probl\u00e9m s otehotnen\u00edm <\/p>\n\n\n\n<p>\u2013 No\u010dn\u00e9 mory, nespavos\u0165, probl\u00e9my so sp\u00e1nkom<\/p>\n\n\n\n<p>\u2013 N\u00edzke sebavedomie, komplexy menejcennosti, probl\u00e9m vyjadri\u0165 svoj n\u00e1zor<\/p>\n\n\n\n<p>\u2013 \u010cast\u00e9 nehody a zranenia<\/p>\n\n\n\n<p>\u2013 Probl\u00e9my s hmotnos\u0165ou, poruchy pr\u00edjmu potravy<\/p>\n\n\n\n<p>\u2013 Zdravotn\u00e9 probl\u00e9my, oper\u00e1cie, z\u00e1kroky<\/p>\n\n\n\n<p>\u2013 Traumatick\u00e9 z\u00e1\u017eitky (z hav\u00e1ri\u00ed, z medic\u00ednskych z\u00e1krokov, sexu\u00e1lne traumy, traumy z detstva a pod.)<\/p>\n\n\n\n<p>\u2013 Nedostatok financi\u00ed, finan\u010dn\u00e9 probl\u00e9my<\/p>\n\n\n\n<p>\u2013 Prepracovanie, vyhorenie, neschopnos\u0165 n\u00e1js\u0165 si pr\u00e1cu, nechu\u0165 k pr\u00e1ci, nespokojnos\u0165 v pr\u00e1ci<\/p>\n\n\n\n<p>\u2013 Urieknutie, ohov\u00e1ranie, kliatby, genera\u010dn\u00e9 probl\u00e9my, \u017eivotn\u00e9 tr\u00e1penia<\/p>\n\n\n\n<p> \u2013 \u010coko\u013evek, \u010do V\u00e1m br\u00e1ni \u017ei\u0165 \u0161\u0165astn\u00fd a plnohodnotn\u00fd \u017eivot<\/p>\n\n\n\n<p><strong>Ako prebieha sedenie met\u00f3dy KVET\u00ae\u00a0?<\/strong><\/p>\n\n\n\n<p>T\u00e1to met\u00f3da je ve\u013emi <strong>jemn\u00e1, l\u00e1skav\u00e1 a \u00fa\u010dinn\u00e1<\/strong>. &nbsp;Ku klientovi sa pristupuje komplexne, z poh\u013eadu mysle, du\u0161e, aj tela. Na probl\u00e9my sa nahliada cez <strong>psychosomatiku (du\u0161u) a somatiku (telo)<\/strong>.<\/p>\n\n\n\n<p>Sedenie prebieha <strong>formou rozhovoru<\/strong> pri plnom vedom\u00ed klienta. Klient m\u00e1 v priebehu rozhovoru <strong>o\u010di zatvoren\u00e9<\/strong>, pracuje sa na jeho vedomej i podvedomej \u00farovni, kde sa odha\u013euj\u00fa <strong>skuto\u010dn\u00e9 pr\u00ed\u010diny<\/strong> vzniku probl\u00e9mu (choroby, nepr\u00edjemnej situ\u00e1cie a pod.). Tie s\u00fa po n\u00e1jden\u00ed pomenovan\u00e9 a transformovan\u00e9.<\/p>\n\n\n\n<p>Klient m\u00e1 o\u010di zatvoren\u00e9, aby nebol v logike, ale aby sa lep\u0161ie dok\u00e1zal spoji\u0165 so svojim vn\u00fatrom. <\/p>\n\n\n\n<p>Sedenie zah\u0155\u0148a pomenovanie pr\u00ed\u010diny probl\u00e9mu a n\u00e1sledne uvo\u013enenie emo\u010dn\u00e9ho n\u00e1boja z tela, tzv. <strong>odblokovanie<\/strong>, hlbok\u00e9 pochopenie a regul\u00e1ciu nervov\u00e9ho syst\u00e9mu. Po\u010das sedenia sa spust\u00ed proces harmoniz\u00e1cie tela a mysle a transform\u00e1cie vedomia.&nbsp;<\/p>\n\n\n\n<p>Sp\u00fa\u0161\u0165a\u010dom zdravotn\u00e9ho probl\u00e9mu \u010di nepr\u00edjemnej situ\u00e1cie je \u010dastokr\u00e1t nespracovan\u00e1 <strong>boles\u0165 z detstva<\/strong> hlboko potla\u010den\u00e1 do podvedomia a <strong>podvedom\u00e9 programy<\/strong>.&nbsp;<\/p>\n\n\n\n<p>Na \u00farovni logiky uveden\u00e9 nie je mo\u017en\u00e9 spracova\u0165, &nbsp;nako\u013eko pr\u00e1ve logika br\u00e1ni &#8222;vy\u010disteniu&#8220; tohto programu.<\/p>\n\n\n\n<p>Nepr\u00edjemn\u00e9 em\u00f3cie spojen\u00e9 so zdravotn\u00fdm probl\u00e9mom \u010di nepr\u00edjemnou situ\u00e1ciou sa po\u010das sedenia uvo\u013e\u0148uj\u00fa pr\u00edjemn\u00fdm, r\u00fdchlym a mimoriadne \u00fa\u010dinn\u00fdm sp\u00f4sobom.&nbsp;Po\u010das sedenia klient vn\u00edma ve\u013emi pr\u00edjemn\u00e9 pocity, pocity vn\u00fatorn\u00e9ho pokoja, uvo\u013enenia, teplo.&nbsp; Prech\u00e1dza stavom hlbok\u00e9ho pochopenia, kedy vn\u00edma&nbsp; s\u00favislosti a vie, pre\u010do sa mu to udialo.&nbsp;<\/p>\n\n\n\n<p>Je be\u017en\u00e9, \u017ee po\u010das sedenia klient za\u017e\u00edva &#8222;aha&#8220; momenty, z\u00edskava \u00faplne in\u00fd poh\u013ead na probl\u00e9m, \u010d\u00edm doch\u00e1dza k \u00fapln\u00e9mu pochopeniu nielen podstaty probl\u00e9mu, ale aj hlbok\u00e9mu transforma\u010dn\u00e9mu procesu vn\u00fatra klienta. <strong>&nbsp;&nbsp;<\/strong><\/p>\n\n\n\n<p>Po\u010das cel\u00e9ho sedenia je klient pri plnom vedom\u00ed a v ka\u017edej chv\u00edli vie, \u010do sa s n\u00edm deje. Pri seden\u00ed nedoch\u00e1dza k odovzd\u00e1vaniu \u017eiadnej energie, ani sa \u017eiadna energia klientovi neberie. Pracuje sa s kvantov\u00fdm po\u013eom klienta, na jeho energetickej \u00farovni, kde doch\u00e1dza k celkovej harmoniz\u00e1cii klienta.<\/p>\n\n\n\n<p>Na seden\u00ed je klientovi poskytnut\u00fd <strong>bezpe\u010dn\u00fd priestor<\/strong>, kde sa m\u00f4\u017ee oslobodi\u0165 od star\u00fdch obmedzuj\u00facich presved\u010den\u00ed, strachov, ktor\u00e9 mu u\u017e nesl\u00fa\u017eia.&nbsp;<\/p>\n\n\n\n<p><strong>Uvo\u013enia sa<\/strong>&nbsp;mu najr\u00f4znej\u0161ie fyzick\u00e9 a psychick\u00e9 bloky, oslobod\u00ed sa. Uvo\u013enen\u00edm blokov si klient dok\u00e1\u017ee&nbsp;<strong>vylie\u010di\u0165 zranenia z minulosti<\/strong>, za\u010dne si uvedomova\u0165 s\u00e1m seba, rastie jeho sebavedomie, nach\u00e1dza zmysel \u017eivota, zharmonizuje sa jeho organizmus, zlep\u0161uje sa jeho fyzick\u00e9 a psychick\u00e9 zdravie.<\/p>\n\n\n\n<p>Po\u010das sedenia klient nach\u00e1dza pocit istoty, bezpe\u010dia a d\u00f4very v bud\u00facnos\u0165. Z\u00edskava <strong>in\u00fd poh\u013ead <\/strong>na seba, na vz\u0165ahy, na svet.<\/p>\n\n\n\n<p><strong>\u010co ak si klient detstvo nepam\u00e4t\u00e1?<\/strong> <\/p>\n\n\n\n<p>Ak die\u0165a za\u017eije v detstve traumu, prirodzen\u00fdm obrann\u00fdm mechanizmom tela je &#8222;strata pam\u00e4ti&#8220; oh\u013eadom tak\u00fdchto traumatick\u00fdch z\u00e1\u017eitkov. Mnohokr\u00e1t si klient nepam\u00e4t\u00e1 nieko\u013eko rokov z detstva, niekedy si nepam\u00e4t\u00e1 len ur\u010dit\u00e9 udalosti. Niektor\u00ed klienti si nepam\u00e4taj\u00fa z detstva absol\u00fatne ni\u010d. Pri traume sa to deje be\u017ene. Mnohokr\u00e1t klient ani nevie, \u017ee v detstve za\u017eil traumu, nepam\u00e4t\u00e1 si. Klient by sa za to nemal c\u00edti\u0165 previnilo, ani sa odsudzova\u0165. Klient za to v\u00f4bec nem\u00f4\u017ee.<\/p>\n\n\n\n<p>Av\u0161ak strata pam\u00e4ti na detstvo v\u00f4bec <strong>nie je<\/strong> prek\u00e1\u017ekou sedenia a pr\u00e1ce s klientom. D\u00f4le\u017eit\u00e9 je, aby bol klient ochotn\u00fd a otvoren\u00fd tomu, \u017ee chce svoje traumy z detstva uzdravi\u0165.<\/p>\n\n\n\n<p>Po\u010das sedenia odblokujeme a \u010dist\u00edme aj to, \u017ee si klient na detstvo nepam\u00e4t\u00e1, pracujeme aj cez telo, preto\u017ee trauma je v\u017edy ulo\u017een\u00e1 v tele, ako aj hlboko v podvedom\u00ed. Na\u0161e telo a podvedomie si pam\u00e4t\u00e1 v\u0161etko. <\/p>\n\n\n\n<p>Ve\u013ea kr\u00e1t sa stane, \u017ee po\u010das sedenia si klient &#8222;zrazu&#8220; spomenie. Je to predov\u0161etk\u00fdm t\u00fdm, \u017ee klient kone\u010dne za\u017eije &#8222;pocit bezpe\u010dia&#8220; a jeho telo to vyc\u00edti. M\u00f4\u017ee sa to dia\u0165 postupne, ale aj naraz. Niekto potrebuje viac seden\u00ed, aby si spomenul. Je to teda ve\u013emi individu\u00e1lne. Av\u0161ak k odblokovaniu podvedom\u00fdch programom, k harmoniz\u00e1cii tela aj du\u0161e doch\u00e1dza aj bez toho, aby si klient na traumu z detstva pam\u00e4tal.<\/p>\n\n\n\n<p>D\u00f4le\u017eit\u00e1 je len ochota klienta spolupracova\u0165.   <\/p>\n\n\n\n<p>Po\u010das sedenia klient nikdy nie je &#8222;tla\u010den\u00fd&#8220; do toho, aby si spomenul. V\u0161etko sa deje prirodzene a l\u00e1skavo. V\u0161etko nastane v ten spr\u00e1vny okamih a spr\u00e1vny \u010das pre klienta.<\/p>\n\n\n\n<p>Viac inform\u00e1ci\u00ed sa m\u00f4\u017eete dozvedie\u0165 <a href=\"https:\/\/vedomysvet.sk\/?p=368\">TU<\/a>.<\/p>\n\n\n\n<p><strong>Deti<\/strong>&nbsp;<\/p>\n\n\n\n<p>Pri probl\u00e9moch die\u0165a\u0165a do 16 rokov sa pracuje <strong>iba <\/strong>s matkou die\u0165a\u0165a, pr\u00edpadne s osobou, ktor\u00e1 die\u0165a vychov\u00e1va (napr. aj otec, pest\u00fan a pod.), tzn. deti do 16 rokov na sedenie neberieme.<\/p>\n\n\n\n<p>Die\u0165a\u0165u v\u0161ak najviac pom\u00f4\u017ee, ak sedenie absolvuje rovnako mama, ako aj otec (ka\u017ed\u00fd individu\u00e1lne). Av\u0161ak ve\u013eakr\u00e1t posta\u010d\u00ed, ak sa sedenia z\u00fa\u010dastn\u00ed iba jeden rodi\u010d, ide\u00e1lne mama die\u0165a\u0165a (najm\u00e4 v pr\u00edpade, ak otec sedeniu nie je naklonen\u00fd).<\/p>\n\n\n\n<p>Cez mamu probl\u00e9m odblokujeme a die\u0165a\u0165u sa u\u013eav\u00ed, nako\u013eko mama s die\u0165atkom s\u00fa prepojen\u00e9. <\/p>\n\n\n\n<p>Die\u0165a je v\u017edy <strong>zrkadlom<\/strong> rodi\u010da, zrkadlom jeho podvedomia a jeho du\u0161e.&nbsp; <\/p>\n\n\n\n<p><strong>Pre koho je sedenie vhodn\u00e9<\/strong><\/p>\n\n\n\n<p>Sedenie&nbsp;je v\u00fdlu\u010dne pre t\u00fdch, ktor\u00ed s\u00fa<strong>&nbsp;pripraven\u00ed&nbsp;prevzia\u0165&nbsp;zodpovednos\u0165&nbsp;za svoj \u017eivot<\/strong>. In\u00fdmi slovami pre t\u00fdch, ktor\u00ed s\u00fa&nbsp;<strong>ochotn\u00ed <\/strong>sa vzda\u0165 vec\u00ed, pre ktor\u00e9 s\u00fa chor\u00ed alebo ktor\u00e9 im sp\u00f4sobuj\u00fa dan\u00fd probl\u00e9m. Z tohto d\u00f4vodu je potrebn\u00e9, aby sa na sedenie <strong>objednal klient s\u00e1m<\/strong>, t.j. aby s\u00e1m vedome vykonal prv\u00fd krok k vyrie\u0161eniu probl\u00e9mu.<\/p>\n\n\n\n<p>V\u00fdsledky seden\u00ed sa navz\u00e1jom odli\u0161uj\u00fa a s\u00fa podmienen\u00e9 individualitou klienta, z\u00e1visia od po\u010dtu a z\u00e1va\u017enosti negat\u00edvnych programov, od stavu vedomia klienta. <strong>Vedomie klienta je toti\u017e s\u00fa\u010das\u0165ou procesu<\/strong>.<\/p>\n\n\n\n<p>V\u00fdsledky sedenia z\u00e1visia taktie\u017e od ochoty klienta prija\u0165 zmeny vo svojom \u017eivote a od ochoty klienta akt\u00edvne sa podie\u013ea\u0165 na t\u00fdchto zmen\u00e1ch.<\/p>\n\n\n\n<p><strong>Pre koho sedenie nie je vhodn\u00e9<\/strong><\/p>\n\n\n\n<p>Pre \u013eud\u00ed, ktor\u00ed nechc\u00fa na sebe pracova\u0165, pre t\u00fdch, ktor\u00ed&nbsp;nie s\u00fa ochotn\u00ed prevzia\u0165 zodpovednos\u0165&nbsp;za svoj \u017eivot.&nbsp;Sedenie prebieha formou rozhovoru, po\u010das ktor\u00e9ho klient ide <strong>hlboko do svojho vn\u00fatra<\/strong>, spolu h\u013ead\u00e1me pr\u00ed\u010diny probl\u00e9mov klienta a ak klient toto odmieta, sedenie nem\u00f4\u017ee prebehn\u00fa\u0165 \u00faspe\u0161ne.<\/p>\n\n\n\n<p>Na sedenie <strong>neberieme ani tehotn\u00e9 klientky<\/strong>, ke\u010f\u017ee sme toho n\u00e1zoru, \u017ee v tehotenstve sa m\u00e1 mami\u010dka s\u00fastredi\u0165 na pr\u00edchod die\u0165atka, pri\u010dom svoje vn\u00fatorn\u00e9 probl\u00e9my m\u00f4\u017ee rie\u0161i\u0165 po p\u00f4rode. <\/p>\n\n\n\n<p><strong>\u010co robi\u0165 pred seden\u00edm<\/strong><\/p>\n\n\n\n<p>Pred seden\u00edm sa neodpor\u00fa\u010da u\u017e\u00edva\u0165 <strong>\u017eiaden&nbsp;alkohol ani omamn\u00e9 l\u00e1tky<\/strong> (ide\u00e1lne aspo\u0148 24 hod\u00edn pred seden\u00edm), nako\u013eko t\u00fdm doch\u00e1dza k zmen\u00e1m vn\u00edmania a m\u00f4\u017ee to ovplyvni\u0165 priebeh a celkov\u00fd efekt sedenia. Ak klient u\u017e\u00edva ak\u00e9ko\u013evek lieky alebo&nbsp;psychofarmak\u00e1, je potrebn\u00e9, aby n\u00e1s o nich pred seden\u00edm informoval.<\/p>\n\n\n\n<p><strong>\u010co robi\u0165 po seden\u00ed?<\/strong><\/p>\n\n\n\n<p>Po seden\u00ed si treba&nbsp;v\u0161\u00edma\u0165 zmeny, ktor\u00e9 prich\u00e1dzaj\u00fa a to, \u010do je in\u00e9 vo Va\u0161om \u017eivote. Nemusia s\u00favisie\u0165 s &#8222;predmetom&#8220; sedenia. D\u00f4le\u017eit\u00e9 je vn\u00edma\u0165 s\u00e1m seba a svoje okolie.<\/p>\n\n\n\n<p>\u010casto sa st\u00e1va, \u017ee klient je bezprostredne po seden\u00ed <strong>ve\u013emi fyzicky unaven\u00fd<\/strong>. Je to d\u00f4sledkom toho, \u017ee po\u010das sedenia naozaj cel\u00e9 telo aj du\u0161a klienta pracuje, doch\u00e1dza k hlbok\u00fdm energetick\u00fdm o\u010distn\u00fdm procesom a to sa m\u00f4\u017ee prejavi\u0165 ako \u00fanava (ale aj nemus\u00ed, je to individu\u00e1lne). Preto je lep\u0161ie, ak si klient bezprostredne po seden\u00ed nepl\u00e1nuje \u017eiadne n\u00e1ro\u010dn\u00e9 fyzick\u00e9 aktivity, ale si nech\u00e1 priestor pre seba, regener\u00e1ciu, oddych. Sedenie v\u0161ak nem\u00e1 \u017eiadne negat\u00edvne vplyvy na \u0161of\u00e9rovanie (po seden\u00ed).<\/p>\n\n\n\n<p><strong>Upozornenie<\/strong><\/p>\n\n\n\n<p>Individu\u00e1lne sedenie\u00a0\u00a0<strong>nenahr\u00e1dza lek\u00e1rsku starostlivos\u0165<\/strong> a a <strong>nie je<\/strong> klasickou psychoterapiou.\u00a0 Je doplnkovou a prevent\u00edvnou met\u00f3dou. Pokia\u013e m\u00e1 klient zdravotn\u00fd probl\u00e9m, odpor\u00fa\u010dame aj konzult\u00e1ciu s lek\u00e1rom.<\/p>\n\n\n\n<p><strong>Neodpor\u00fa\u010dame<\/strong> vys\u00e1dza\u0165 lieky, ktor\u00e9 predp\u00edsal lek\u00e1r.<\/p>\n\n\n\n<p>Sedenia sa klient v\u017edy z\u00fa\u010dast\u0148uje <strong>na vlastn\u00fa zodpovednos\u0165<\/strong>.<\/p>\n\n\n\n<p><strong>Etick\u00fd princ\u00edp<\/strong><\/p>\n\n\n\n<p>V\u0161etky inform\u00e1cie, ktor\u00e9 sa dozved\u00e1me od klienta, zost\u00e1vaj\u00fa&nbsp;pr\u00edsne <strong>d\u00f4vern\u00e9<\/strong>. Pracujeme absol\u00fatne diskr\u00e9tne. Inform\u00e1cie zo sedenia sa nikdy nedostan\u00fa k tretej osobe (a to ani ke\u010f sa seden\u00ed z\u00fa\u010dastnia samostatne a nez\u00e1visle na sebe obaja partneri alebo rodi\u010dia a dospel\u00e9 deti).<\/p>\n\n\n\n<p><strong>Ako sa na sedenie objedna\u0165? <\/strong><\/p>\n\n\n\n<p>Viac inform\u00e1ci\u00ed k objedn\u00e1vke na sedenie n\u00e1jdete <strong><a href=\"https:\/\/vedomysvet.sk\/?page_id=80\" data-type=\"page\" data-id=\"80\">TU<\/a><\/strong>.<\/p>\n\n\n\n<p><strong>Ko\u013eko seden\u00ed potrebujem?<\/strong><\/p>\n\n\n\n<p>To je vysoko individu\u00e1lne. Niekomu sta\u010d\u00ed jedno sedenie (\u010do je v\u0161ak sk\u00f4r v\u00fdnimka), niekto potrebuje seden\u00ed viac (z praxe sa ukazuje, \u017ee \u010d\u00edm viac seden\u00ed klient absolvuje, t\u00fdm viac vidno v\u00fdsledky). Ak klient pre\u017eil napr. traumatick\u00e9 detstvo alebo viacero traumatick\u00fdch z\u00e1\u017eitkov, na \u00faspe\u0161n\u00e9 odblokovanie je v\u017edy potrebn\u00fdch viacero seden\u00ed. Je v\u0161ak v\u017edy potrebn\u00e9 postupova\u0165 pod\u013ea toho, ako to klient &#8222;c\u00edti&#8220; s\u00e1m, to je rozhoduj\u00face. Klient by sa nemal do ni\u010doho n\u00fati\u0165, s\u00e1m si ur\u010duje tempo aj po\u010det a frekvenciu seden\u00ed. Najlep\u0161ie v\u00fdsledky dosahuj\u00fa klienti, ktor\u00ed pracuj\u00fa na sebe <strong>pravidelne<\/strong> (napr. 1 x sedenie do mesiaca).<\/p>\n\n\n\n<p>Na ka\u017edom seden\u00ed v\u017edy pracujeme <strong>s jedn\u00fdm konkr\u00e9tnym probl\u00e9mom<\/strong>, s ktor\u00fdm klient na sedenie pri\u0161iel. Po\u010das sedenia sa m\u00f4\u017eu vynori\u0165 \u010fal\u0161ie probl\u00e9my, ktor\u00e9 pod\u013ea svojej povahy a h\u013abky mo\u017eno tie\u017e rie\u0161i\u0165 priamo na danom seden\u00ed (spolu s hlavn\u00fdm probl\u00e9mom), av\u0161ak niekedy, ak s\u00fa probl\u00e9my v\u00e4\u010d\u0161ie a hlb\u0161ie, pr\u00edpadne sa t\u00fdkaj\u00fa r\u00f4znych oblast\u00ed \u017eivota, je potrebn\u00e9 sa im venova\u0165 osobitne na \u010fal\u0161om seden\u00ed, aby sa riadne pre\u010distili (\u010do sa na jednej seden\u00ed ned\u00e1 stihn\u00fa\u0165, a z\u00e1rove\u0148 by to mohla by\u0165 pr\u00edli\u0161 ve\u013ek\u00e1 emo\u010dn\u00e1 z\u00e1\u0165a\u017e pre klienta, a preto je potrebn\u00e9 rie\u0161i\u0165 veci postupne).<\/p>\n\n\n\n<p>Ak m\u00e1 klient nieko\u013eko probl\u00e9mov, je z na\u0161ich sk\u00fasenosti vypl\u00fdva, \u017ee je v\u017edy potrebn\u00e9 viac seden\u00ed, je nere\u00e1lne &#8222;v\u0161etko&#8220; vyrie\u0161i\u0165 na jednom seden\u00ed. Ak je trauma ve\u013emi hlbok\u00e1, pracuje sa s \u0148ou \u201epo k\u00faskoch\u201c, \u201epo kvapk\u00e1ch\u201c (po\u010das viacer\u00fdch seden\u00ed) tak, aby to nervov\u00fd syst\u00e9m klienta zvl\u00e1dol.<\/p>\n\n\n\n<p>Je v\u0161ak be\u017en\u00e9, \u017ee po vyrie\u0161en\u00ed probl\u00e9mu na seden\u00ed sa klientovi <strong>automaticky<\/strong> sam\u00e9 vyrie\u0161ia <strong>aj in\u00e9<\/strong> probl\u00e9my, ktor\u00e9 sa na seden\u00ed v\u00f4bec nerie\u0161ili a s p\u00f4vodn\u00fdm probl\u00e9mom zdanlivo \u201enes\u00favisia\u201c. Na podvedomej \u00farovni je v\u0161ak v\u0161etko prepojen\u00e9. Vyrie\u0161en\u00edm jedn\u00e9ho probl\u00e9mu, resp. odblokovan\u00edm a vy\u010disten\u00edm jednej situ\u00e1cie \u010di spomienky z detstva sa automaticky sami m\u00f4\u017eu odblokova\u0165 a vy\u010disti\u0165 aj in\u00e9 situ\u00e1cie a spomienky, ktor\u00e9 sa na seden\u00ed v\u00f4bec nerie\u0161ili.<\/p>\n\n\n\n<p><strong>Je pr\u00e1ca v kvantovom poli bezpe\u010dn\u00e1?<\/strong><\/p>\n\n\n\n<p>\u00c1no. Nejde o \u017eiadne posielanie alebo odoberanie energie, ale n\u00e1vrat do prirodzen\u00e9ho stavu harm\u00f3nie, zdravia a rovnov\u00e1hy. Touto met\u00f3dou nemo\u017eno \u010dloveku ubl\u00ed\u017ei\u0165. Vysok\u00fdmi vibr\u00e1ciami sa \u010dlovek dost\u00e1va do svojich p\u00f4vodn\u00fdch nastaven\u00ed harm\u00f3nie a zdravia, do \u00faplne prirodzen\u00e9ho stavu. <\/p>\n\n\n\n<p>Po\u010das tohto procesu doch\u00e1dza k <strong>rozp\u00fa\u0161\u0165aniu, uvo\u013e\u0148ovaniu emo\u010dn\u00fdch aj in\u00fdch blokov<\/strong>, ktor\u00e9 br\u00e1nia nastoleniu prirodzenej rovnov\u00e1hy v tele.<\/p>\n\n\n\n<p><strong>Je mo\u017en\u00e9 touto met\u00f3dou pom\u00f4c\u0165 ka\u017ed\u00e9mu, \u00faplne v\u0161etk\u00fdm v 100 % pr\u00edpadoch?<\/strong><\/p>\n\n\n\n<p><strong>Nie, z\u00e1le\u017e\u00ed od klienta<\/strong>. Vedomie klienta je toti\u017e s\u00fa\u010das\u0165ou procesu. <\/p>\n\n\n\n<p>Ak v\u0161ak klient <strong>chce<\/strong> na sebe pracova\u0165 a aj pracuje, v\u00fdsledky sa v\u017edy dostavia.<\/p>\n\n\n\n<p>Viac inform\u00e1ci\u00ed k objedn\u00e1vke na sedenie n\u00e1jdete <strong><a href=\"https:\/\/vedomysvet.sk\/?page_id=80\" data-type=\"page\" data-id=\"80\">TU<\/a><\/strong>.<\/p>\n\n\n\n<p><\/p>\n","protected":false},"excerpt":{"rendered":"<p>Sedenia (facilit\u00e1cie), ktor\u00e9 poskytujeme klientom, s\u00fa zalo\u017een\u00e9 na met\u00f3de KVET\u00ae so psychosomatick\u00fdm a somatick\u00fdm pr\u00edstupom. T\u00e1to met\u00f3da pracuje s mys\u013eou, du\u0161ou a telom klienta, \u010di\u017ee poskytuje komplexn\u00fd syst\u00e9m odblokovania. Autorkou a lektorkou tejto met\u00f3dy je Evka \u010euri\u0161ov\u00e1, pri\u010dom viac inform\u00e1ci\u00ed o nej a tejto met\u00f3de m\u00f4\u017eete n\u00e1js\u0165 aj na jej webovej str\u00e1nke www.kvantovetvorenie.sk. V ak\u00fdch&#8230;<\/p>\n","protected":false},"author":1,"featured_media":7,"parent":0,"menu_order":0,"comment_status":"closed","ping_status":"closed","template":"","meta":{"footnotes":""},"class_list":["post-71","page","type-page","status-publish","has-post-thumbnail","hentry"],"jetpack_sharing_enabled":true,"_links":{"self":[{"href":"https:\/\/vedomysvet.sk\/index.php?rest_route=\/wp\/v2\/pages\/71","targetHints":{"allow":["GET"]}}],"collection":[{"href":"https:\/\/vedomysvet.sk\/index.php?rest_route=\/wp\/v2\/pages"}],"about":[{"href":"https:\/\/vedomysvet.sk\/index.php?rest_route=\/wp\/v2\/types\/page"}],"author":[{"embeddable":true,"href":"https:\/\/vedomysvet.sk\/index.php?rest_route=\/wp\/v2\/users\/1"}],"replies":[{"embeddable":true,"href":"https:\/\/vedomysvet.sk\/index.php?rest_route=%2Fwp%2Fv2%2Fcomments&post=71"}],"version-history":[{"count":113,"href":"https:\/\/vedomysvet.sk\/index.php?rest_route=\/wp\/v2\/pages\/71\/revisions"}],"predecessor-version":[{"id":652,"href":"https:\/\/vedomysvet.sk\/index.php?rest_route=\/wp\/v2\/pages\/71\/revisions\/652"}],"wp:featuredmedia":[{"embeddable":true,"href":"https:\/\/vedomysvet.sk\/index.php?rest_route=\/wp\/v2\/media\/7"}],"wp:attachment":[{"href":"https:\/\/vedomysvet.sk\/index.php?rest_route=%2Fwp%2Fv2%2Fmedia&parent=71"}],"curies":[{"name":"wp","href":"https:\/\/api.w.org\/{rel}","templated":true}]}}